ons digit of 1144885066?
1
What is the thousands digit of 1819117894?
7
What is the hundreds digit of 70965583?
5
What is the ten thousands digit of 1953690562?
9
What is the tens digit of 5034834835?
3
What is the millions digit of 476999803?
6
What is the hundreds digit of 98017218?
2
What is the hundreds digit of 247519444?
4
What is the millions digit of 1255659121?
5
What is the ten thousands digit of 1616280312?
8
What is the thousands digit of 200164575?
4
What is the hundred thousands digit of 90023606?
0
What is the ten thousands digit of 102686882?
8
What is the tens digit of 61260841?
4
What is the thousands digit of 191648690?
8
What is the hundreds digit of 146087164?
1
What is the ten thousands digit of 298917856?
1
What is the thousands digit of 95519736?
9
What is the thousands digit of 183548674?
8
What is the units digit of 649642351?
1
What is the hundreds digit of 382765876?
8
What is the units digit of 55441835?
5
What is the hundred thousands digit of 51866723?
8
What is the millions digit of 18027902?
8
What is the tens digit of 836027557?
5
What is the hundreds digit of 6662727867?
8
What is the ten millions digit of 138756230?
3
What is the hundred thousands digit of 499463092?
4
What is the tens digit of 30354520?
2
What is the hundreds digit of 78706321?
3
What is the ten thousands digit of 78251019?
5
What is the tens digit of 1344504144?
4
What is the thousands digit of 243433636?
3
What is the ten thousands digit of 62747402?
4
What is the hundreds digit of 179568045?
0
What is the tens digit of 41979239?
3
What is the ten thousands digit of 707911923?
1
What is the hundreds digit of 64115479?
4
What is the units digit of 16029935?
5
What is the hundreds digit of 13837442?
4
What is the hundred thousands digit of 531360185?
3
What is the thousands digit of 49667124?
7
What is the thousands digit of 3081806440?
6
What is the hundred thousands digit of 2398291504?
2
What is the thousands digit of 2088442?
8
What is the hundred millions digit of 5070788548?
0
What is the tens digit of 214333243?
4
What is the hundred millions digit of 8460729146?
4
What is the tens digit of 4048075568?
6
What is the hundred thousands digit of 539889746?
8
What is the tens digit of 61422499?
9
What is the hundreds digit of 2594193241?
2
What is the ten millions digit of 144046952?
4
What is the hundred millions digit of 218060440?
2
What is the millions digit of 803722697?
3
What is the hundred millions digit of 986522649?
9
What is the units digit of 93555295?
5
What is the hundred thousands digit of 26169359?
1
What is the millions digit of 297626784?
7
What is the ten millions digit of 490040523?
9
What is the ten millions digit of 990206905?
9
What is the hundreds digit of 244407026?
0
What is the millions digit of 431551444?
1
What is the ten thousands digit of 46366677?
6
What is the ten thousands digit of 2199478559?
7
What is the thousands digit of 625606326?
6
What is the ten thousands digit of 42879552?
7
What is the hundred thousands digit of 2401682982?
6
What is the hundreds digit of 10044274?
2
What is the millions digit of 20097115?
0
What is the ten millions digit of 69147004?
6
What is the ten millions digit of 5986406973?
8
What is the tens digit of 1316401513?
1
What is the thousands digit of 88339538?
9
What is the units digit of 480236476?
6
What is the hundreds digit of 350086044?
0
What is the thousands digit of 171653863?
3
What is the units digit of 258981292?
2
What is the hundreds digit of 1486351100?
1
What is the hundred millions digit of 531474037?
5
What is the hundred thousands digit of 4905395?
9
What is the thousands digit of 411538226?
8
What is the units digit of 1738655163?
3
What is the hundred millions digit of 217820214?
2
What is the hundred thousands digit of 1088238866?
2
What is the hundreds digit of 1299568411?
4
What is the tens digit of 2576569081?
8
What is the billions digit of 5154082495?
5
What is the hundred millions digit of 1308156070?
3
What is the tens digit of 60345110?
1
What is the ten millions digit of 54628340?
5
What is the millions digit of 3618325692?
8
What is the tens digit of 7947078?
7
What is the thousands digit of 207781933?
1
What is the ten thousands digit of 1027755180?
5
What is the units digit of 6348738059?
9
What is the thousands digit of 117115155?
5
What is the millions digit of 248276187?
8
What is the millions digit of 38340099?
8
What is the ten thousands digit of 6204841715?
4
What is the hundreds digit of 4983601485?
4
What is the units digit of 289129246?
6
What is the thousands digit of 615019556?
9
What is the hundred thousands digit of 44120606?
1
What is the hundreds digit of 185026157?
1
What is the hundred thousands digit of 121098640?
0
What is the ten thousands digit of 138439209?
3
What is the tens digit of 52360180?
8
What is the hundreds digit of 404005450?
4
What is the units digit of 4260835?
5
What is the ten thousands digit of 36397684?
9
What is the hundreds digit of 4015657?
6
What is the millions digit of 1425020597?
5
What is the hundred thousands digit of 278839697?
8
What is the units digit of 410068335?
5
What is the hundreds digit of 67194690?
6
What is the hundred thousands digit of 56754615?
7
What is the tens digit of 32207508?
0
What is the units digit of 3299464105?
5
What is the hundred thousands digit of 1591199339?
1
What is the millions digit of 30169731?
0
What is the hundreds digit of 64450985?
9
What is the hundred thousands digit of 7170527?
1
What is the tens digit of 9643133?
3
What is the ten millions digit of 2894690156?
9
What is the units digit of 728600934?
4
What is the tens digit of 1005640526?
2
What is the hundred thousands digit of 89618276?
6
What is the ten millions digit of 55179911?
5
What is the ten thousands digit of 1517509312?
0
What is the tens digit of 2543615317?
1
What is the thousands digit of 166298408?
8
What is the units digit of 75442126?
6
What is the thousands digit of 9205506?
5
What is the hundreds digit of 454354853?
8
What is the millions digit of 198215159?
8
What is the billions digit of 4143370285?
4
What is the millions digit of 139849023?
9
What is the hundred thousands digit of 17265486?
2
What is the billions digit of 2700316410?
2
What is the ten thousands digit of 1398827337?
2
What is the thousands digit of 21801115?
1
What is the ten thousands digit of 229639461?
3
What is the thousands digit of 57057750?
7
What is the units digit of 96698371?
1
What is the hundred millions digit of 3742042334?
7
What is the ten millions digit of 2112220027?
1
What is the units digit of 379922208?
8
What is the ten thousands digit of 868926735?
2
What is the millions digit of 23168012?
3
What is the tens digit of 345403521?
2
What is the thousands digit of 110614021?
4
What is the hundred millions digit of 1425094839?
4
What is the ten thousands digit of 36065699?
6
What is the tens digit of 58577099?
9
What is the thousands digit of 368841550?
1
What is the millions digit of 4120751246?
0
What is the hundreds digit of 157784454?
4
What is the hundred thousands digit of 785921831?
9
What is the thousands digit of 138162550?
2
What is the hundreds digit of 450965852?
8
What is the thousands digit of 145272408?
2
What is the millions digit of 39062770?
9
What is the hundreds digit of 75630565?
5
What is the units digit of 31882931?
1
What is the hundred thousands digit of 82201746?
2
What is the ten thousands digit of 44238609?
3
What is the billions digit of 3116477634?
3
What is the ten thousands digit of 46352254?
5
What is the ten thousands digit of 9556314?
5
What is the ten millions digit of 2418263682?
1
What is the hundred thousands digit of 218932443?
9
What is the hundred millions digit of 160530467?
1
What is the hundreds digit of 88761034?
0
What is the ten millions digit of 2949704479?
4
What is the hundreds digit of 41525330?
3
What is the thousands digit of 40349510?
9
What is the ten millions digit of 15352895?
1
What is the tens digit of 37402942?
4
What is the ten millions digit of 15385364?
1
What is the millions digit of 895383536?
5
What is the tens digit of 143002252?
5
What is the hundreds digit of 28756603?
6
What is the ten millions digit of 202075620?
0
What 